culate the remainder when 57 is divided by o(7).
27
Let b(j) = -2*j + 6. Let q be b(-6). Suppose 3*h = -0*h - q. Let d = h + 11. Calculate the remainder when 12 is divided by d.
2
Let a = 35 + -24. Calculate the remainder when a is divided by 4.
3
Suppose 2*b - 70 = -2*t, 0*b = 3*b - t - 105. What is the remainder when b is divided by 19?
16
Let q(d) = -2*d + 7. What is the remainder when 56 is divided by q(-6)?
18
Let x(b) = -b + 8. Suppose -6*v = -3*v - 6. Calculate the remainder when x(6) is divided by v.
0
Let p(a) = -a**2 + 11*a + 3. Let z be (2/(-5) + 2)*30. Suppose -4*c + 52 = -z. What is the remainder when c is divided by p(10)?
12
Let t = -36 + 70. Suppose -6*b = -4*b - 24. What is the remainder when t is divided by b?
10
Suppose 0 = 7*o - 0*o - 133. Suppose 4*i - n - 368 = -i, -2*i = 2*n - 152. Calculate the remainder when i is divided by o.
17
Let u = 16 - -34. What is the remainder when u is divided by 27?
23
Suppose 5*c + 58 = -4*x, 0 = -4*c - 0*c + 5*x - 71. Let u = c - -23. Calculate the remainder when 6/4*(-52)/(-3) is divided by u.
8
Let h(s) = -5*s - 61. What is the remainder when 80 is divided by h(-14)?
8
Suppose 0 = n - 96 + 48. What is the remainder when n is divided by 17?
14
Let q = 21 + -6. Calculate the remainder when q is divided by (2/(-5))/((-15)/150).
3
Let l(o) = -2*o**3 - 4*o**2 - 3*o - 2. Let x be 1 + 99/(3 + 0). Suppose -g - 2*g = 12, 5*n - x = g. Calculate the remainder when n is divided by l(-2).
2
Let i(z) = -z**2 + 8*z + 11. Let b be i(8). Let d = b - 7. Suppose 32 = d*j - 0. What is the remainder when 15 is divided by j?
7
Suppose -3*b - n = -4*b + 61, -3*b - 4*n = -190. What is the remainder when b is divided by 16?
14
Suppose -3*g - 12 = 0, 2*z = -2*z + 5*g + 56. Calculate the remainder when 43 is divided by z.
7
Suppose -2*c = -5*q - 28, 0 = 2*c - 3*q - 51 + 19. Let x = 24 - c. Calculate the remainder when 14 is divided by x.
4
Let a(o) = 6*o**2 + 5*o + 2. Let v = -3 + 5. Suppose 3*m = -v*m - 15. Calculate the remainder when a(m) is divided by 14.
13
What is the remainder when (-2)/(-8)*(-4 - -30)*2 is divided by 8 - (-2 + (1 - -2))?
6
Let g(l) = 5*l - 3. Let f be g(4). Let q = f + -7. What is the remainder when q is divided by 3?
1
Suppose 0 = -d + 4*d - 6. Suppose d*a - 5*h = -1, -3*h = -4*a + 2*a + 9. Calculate the remainder when a is divided by 7.
5
Suppose -7*a + 30 = 2. Calculate the remainder when a is divided by 3 - (1 + -1 + 0).
1
Suppose -5*d = -4*t - 34, 4*t = -d + 5*d - 32. Calculate the remainder when 20 is divided by 4/t*(-21)/2.
6
Let y(s) = -10*s**2 + 1. Let k(g) = -30*g**2 + 3. Let p(z) = -6*k(z) + 17*y(z). Let h be ((-1)/2)/(2/4). What is the remainder when 25 is divided by p(h)?
7
Suppose 5*k - 97 = -2*d, 0 = 2*d + 4*k - 40 - 54. Calculate the remainder when d is divided by 4.
1
Let b(z) = -6*z**3 + 4*z**2 + 5*z + 2. Suppose -25 = 5*u + 2*y - 7*y, 4*y - 4 = -4*u. Calculate the remainder when b(u) is divided by 19.
18
Let j be 1 + -1 + -8 + 8. Suppose 14 = x + 3*i, j*i - 49 = -3*x - 2*i. Calculate the remainder when x is divided by 6.
5
Suppose 108 = -0*g + 4*g. Suppose 4*m = -3*p - 81, -3*p + 38 = 3*m + 95. Let b = m + 38. What is the remainder when g is divided by b?
13
Let t = 117 - 82. What is the remainder when t is divided by 12?
11
Suppose -3*p = -4*p + 13. Suppose -3*d - p = 2. Let g = d - -8. Calculate the remainder when g is divided by 2.
1
Let g(v) = -8*v + 1. Let y(r) = r - 1. Let m(j) = g(j) - 2*y(j). Calculate the remainder when 89 is divided by m(-2).
20
Let a be 3 + (1 + 0 - 3). Let l be 3 + -1 + a + -3. Suppose l*r = r - 49. Calculate the remainder when r is divided by 13.
10
Let y = 81 + 2. Suppose 0 = -5*h - 2*x + 99, x = -4*h - 3*x + 72. What is the remainder when y is divided by h?
20
Let j(v) = -21*v - 2. Calculate the remainder when 78 is divided by j(-2).
38
Let y(c) = -3*c + 1. Suppose 0 = 6*i + i - 266. Calculate the remainder when i is divided by y(-3).
8
Let y = 4 - -12. What is the remainder when 61 is divided by y?
13
Let t(b) be the third derivative of -b**4/24 + 3*b**3 + 5*b**2. What is the remainder when 29 is divided by t(8)?
9
Suppose 5*a - 81 = 4*o, 0 = a + 3*o + o + 3. Calculate the remainder when 127 is divided by a.
10
Suppose -2*i = -31 + 7. Calculate the remainder when i/6*1*8 is divided by 6.
4
Let t be 30/4*6/(-9). Calculate the remainder when 13 is divided by -2*1/2 - t.
1
Let u be (-34)/(-6) - 2/(-6). Let x = 6 + 6. Let p = x - u. Calculate the remainder when 23 is divided by p.
5
Let j(p) = p**3 + 4*p**2 - 3*p + 2. Calculate the remainder when 54 is divided by j(-4).
12
Let k be -3 - (-16)/4 - -189. Suppose 0*x - 4*d = -4*x + 60, 0 = -3*d - 12. What is the remainder when x is divided by (-6)/27 - k/(-45)?
3
Suppose -4*x + 35 = -45. Suppose 2*a + x = 6*a. What is the remainder when 13 is divided by a?
3
Let b(k) = -k**2 - 14*k - 23. Suppose -h = 2*h - 219. Calculate the remainder when h is divided by b(-6).
23
Suppose -5*b = 3*t - 647, 0 = 2*t - b - 366 - 48. What is the remainder when t is divided by 15?
14
Calculate the remainder when 6/21 - 1018/(-14) is divided by 25.
23
Suppose 4*t = 3*t + 16. Calculate the remainder when 77 is divided by t.
13
Let d be -2*(-2)/(-2*2). Let f(g) = -4*g + 1. Let o be f(d). Suppose 4*b - 34 = -2*a, 5*b - 71 = -o*a + 2*b. What is the remainder when 24 is divided by a?
11
Let j = -2 + 8. Suppose -20 = -r - j. Calculate the remainder when 41 is divided by r.
13
Let h = -18 - -43. Let u(x) = x**2 - x + 13. What is the remainder when h is divided by u(0)?
12
Calculate the remainder when 38 is divided by (-6*(8 - 6))/(3/(-2)).
6
Suppose 0 = 5*r + 2 - 42. Calculate the remainder when (6/(-3) - -2) + r is divided by 5.
3
Suppose 11 = x - 0. Let d = 26 - x. What is the remainder when 43 is divided by d?
13
Let r = -22 - -45. Let o = -25 - -37. What is the remainder when r is divided by o?
11
Suppose -373 = -10*f + 57. Calculate the remainder when f is divided by 17.
9
Let n be 0 - (-1 + 2/(-2)). Let u be 5*10 - (0/(-3))/2. Suppose 5*d = -2*x + 85, d = -3*d + n*x + u. What is the remainder when 42 is divided by d?
12
Let u(j) be the third derivative of -7*j**4/24 - j**3/2 - 3*j**2. Let r be u(-2). Let p = 21 - r. What is the remainder when 39 is divided by p?
9
Let z = -6 + 8. Let u(a) = -4*a - 4. Let x(r) = -8*r - 7. Let d(k) = 7*u(k) - 4*x(k). Calculate the remainder when 23 is divided by d(z).
7
Suppose 2 = -2*y + 5*k - 9, -4*y + 48 = 4*k. What is the remainder when 26 is divided by y?
5
Let x = 40 + -37. Let z(w) = -w**3 - 4*w**2 - w - 1. What is the remainder when z(-4) is divided by x?
0
Suppose w - 4*w = r - 152, -199 = -4*w - 5*r. Suppose 24 = 5*c - w. Calculate the remainder when 25 + 6 + 0 + -3 is divided by c.
13
Let a = 74 + -38. Suppose 3*m - 255 + 21 = 0. Suppose 3*d + 3*f = 31 + 32, f = -4*d + m. Calculate the remainder when a is divided by d.
17
Let h be 22/(((-2)/1)/(-4)). Calculate the remainder when 0 + (h - (-6)/3) is divided by 16.
14
Let d = 39 - 24. Calculate the remainder when 40 is divided by d.
10
Suppose -64 = -5*q + t, q - 3*q + 28 = 2*t. What is the remainder when 47 is divided by q?
8
Let v(l) = -l**3 + 6*l**2 - 5*l. Suppose 6 = -3*n - 0. Let f(o) = -5*o**3 - 3*o**2 - 4*o - 2. What is the remainder when f(n) is divided by v(4)?
10
Let d = -3 - -5. Suppose -d*h = -0*h - 4. Suppose 0 = 5*o - 118 - h. What is the remainder when o is divided by 13?
11
Let u = 66 + -43. What is the remainder when 39 is divided by u?
16
Suppose -4*w + 90 = -2*a + 30, 16 = w - a. Suppose -w = 4*i - 46. Let o = 60 - 45. What is the remainder when o is divided by i?
7
Suppose 0 = 5*q + 16 + 19. Let v(t) = -2*t + 4. What is the remainder when v(q) is divided by 10?
8
Let p = 28 + -25. Calculate the remainder when 12 is divided by p.
0
Let y be 9/((-12)/(-3) - 3). Let m = 29 - y. What is the remainder when m is divided by 7?
6
Let w = -229 + 154. What is the remainder when 22 is divided by 2/(-4) - w/6?
10
Suppose 6*q - 45 = 3*q. Calculate the remainder when q is divided by 6.
3
Let l be 6/9 + (-22)/(-3). Let f = 5 + l. What is the remainder when 36 is divided by f?
10
Let h = -34 + 57. What is the remainder when 44 is divided by h?
21
Suppose -2*o - 4 = -16. Suppose o*n - 3*n - 111 = 0. What is the remainde